 152. What is the greatest common divisor of d and 133?
19
Let y = -9 + 34. Suppose -3*s + d + 29 = -d, 3*s - 4*d = y. What is the greatest common divisor of s and 99?
11
Let a = -3 - -5. Suppose a*q - 20 = -3*q. Let k = 48 + -44. What is the greatest common divisor of k and q?
4
Let d = 14 + -11. Suppose -d*h = -5*g + 66, -65 = -3*g + 5*h - 19. Suppose -2*z + 168 = -g. What is the greatest common factor of z and 36?
18
Suppose 5*d = 2*z + 700, 2*d = 19*z - 14*z + 280. What is the highest common divisor of d and 210?
70
Let k = -1202 - -1217. Let s(n) be the second derivative of 26*n**3/3 + n**2/2 - n. Let t be s(2). What is the greatest common factor of k and t?
15
Let n = -258 - -273. Calculate the highest common divisor of n and 55.
5
Suppose -3*j - 2*w + 24 = -5*w, w - 16 = -3*j. Let m be 10/(-7 + 2) + j. What is the highest common factor of 2 and m?
2
Suppose 2*h - 6*h - 5*r = 1, 0 = 5*h + 3*r + 11. Let j be (-78)/(-5)*((-10)/h - -5). Calculate the highest common divisor of 39 and j.
39
Let p(i) = i**2 - 5*i + 1. Let t be p(4). Let o be (-12)/(-9)*(-9)/t. Let y be -1 - ((1 - 23) + 1). Calculate the greatest common divisor of y and o.
4
Suppose -2*i + 78 = -104. Calculate the highest common factor of i and 26.
13
Suppose o = -2*o + 18. Let u be 2/6 + 70/o. Let m = 10 + 2. What is the highest common divisor of m and u?
12
Let u be (-9)/(-33) - (-387)/33. What is the highest common divisor of u and 16?
4
Suppose 3 = -c - 2*u, 4*u = -4*c - u. Suppose -3*o + c + 1 = 0. Suppose 3 = 3*i - 3. What is the highest common divisor of o and i?
2
Let t(f) = -55*f - 201. Let a be t(-4). Calculate the greatest common factor of 3781 and a.
19
Let h = 137 - 78. Let l = h - 35. Calculate the highest common factor of l and 36.
12
Suppose -3*s - 6 = -6*s. Suppose 5*o - 67 = 2*u, o = -s*o - 5*u + 34. Calculate the greatest common factor of o and 65.
13
Let j(l) = -8*l + 16. Let f be j(8). Let i be (-1)/((-189)/f + -4). What is the greatest common factor of i and 128?
16
Suppose z - 5*k = 25, -3*z = 4*k + 3 - 2. Suppose z*a - 9 = 41. Calculate the highest common divisor of 10 and a.
10
Suppose 14*l - 8*l = -582. Let r = 165 - 306. Let o = l - r. Calculate the greatest common factor of 22 and o.
22
Let b = -15 + 20. Let i be (7/3)/(b/165). Calculate the greatest common divisor of 11 and i.
11
Let p(d) = -5*d**2 - 38*d. Let w be p(-6). Let r be (6/4)/(1/4). Calculate the highest common divisor of r and w.
6
Let s(i) = -i + 8 - 8. Let u be s(2). Let m(q) = q**3 + q**2 - 5*q - 4. Let l be m(u). What is the highest common divisor of l and 5?
1
Let b be 15/(-3) - 3/3. Let o be (-2)/(1 - b/(-3)). Suppose o*u = 3*u - 50. What is the greatest common divisor of 5 and u?
5
Let c be 1/(1 - 15/20). Suppose c*w + 379 = r, -1831 = -5*r + 7*w - 3*w. What is the highest common divisor of r and 33?
33
Suppose 4*w = -4*t + 16, 5*w - 3*t = w - 19. Let z = w - -5. Suppose 0 = 3*g - 2*x - 9, -2*x + 11 = 5*g - z*x. What is the greatest common divisor of g and 4?
1
Let h = -13 - -117. Suppose -4*g + 2*i = -6*g + 58, -5*g = 4*i - 148. Let c = g - 19. What is the greatest common divisor of h and c?
13
Let f(c) = 28*c**3 + c**2 + 9*c - 15. Let n be f(2). What is the highest common factor of 21 and n?
21
Suppose -74*l + 63 = -11*l. Suppose 0 = 5*g - 14 - 11. Suppose 0 = -5*j + 2*i + 30, -j + g*j + 3*i = 1. Calculate the greatest common divisor of j and l.
1
Let c(r) = -3*r**2 + r. Let p be c(-1). Let v be 3*1 + (-252)/p. Suppose 0 = i + 2, -2*w - 5*i - v = -6*w. What is the highest common factor of w and 154?
14
Let y = -15 + 27. Let u(o) = -y*o + 7*o - 9 + 12*o + 26*o. Let m be u(6). Calculate the greatest common factor of 21 and m.
21
Suppose 0*x = x + 4. Let z(k) be the third derivative of -5*k**4/24 + 7*k**3/6 + 4*k**2. Let u be z(x). Calculate the greatest common divisor of 81 and u.
27
Let a be (-2 + 6)*(-1)/(-2). Let y = 9 - a. Let z(o) = 2*o**2 - 7*o - 21. Let x be z(7). Calculate the greatest common divisor of y and x.
7
Let o = 59 + -29. Suppose -2*b + 3*w = -o, 10*w - 13*w = 6. Let c be 2/(-6) - (-55)/3. Calculate the greatest common factor of c and b.
6
Let c(d) = 2*d**2 + 9*d + 5. Let b be c(-7). Suppose 2*l - 3 = 17. Calculate the greatest common divisor of b and l.
10
Suppose 0 = -2*y - 2*m + 46, 0 = 2*y - 0*y + 4*m - 38. Suppose -38 + 2 = -4*j. Calculate the greatest common divisor of y and j.
9
Suppose 34*u - 3429 - 5445 = 0. Calculate the greatest common factor of 957 and u.
87
Suppose -4*m = 5*f - 827, 3*m + 3*f = -f + 620. What is the greatest common divisor of m and 169?
13
Let u be -56 + (-2)/(-1) + (-1)/1. Let g = u - -63. What is the greatest common divisor of 24 and g?
8
Let b(q) = -4*q**3 - 6*q**2 - q + 4. Let u(x) = x**3 + 1. Let i(y) = b(y) + 5*u(y). Let j be i(6). Calculate the highest common factor of j and 21.
3
Let g be (-27)/(-4) - (-1)/4. Suppose -3*a + 1 = 7. Let h be 1*-63*(-2)/a*-1. Calculate the highest common divisor of g and h.
7
Suppose 2*l + 108 = -2*b + 5*b, 2*l = 0. Suppose -61*a - 3*a + 5760 = 0. Calculate the greatest common factor of b and a.
18
Let o(q) = -q**3 - 8*q**2 - 1. Let z be o(-9). What is the highest common factor of z and 50?
10
Let n(q) = -q**3 + 8*q**2 + 10*q - 9. Suppose 18 = 4*d - 2*d. Let b be n(d). Suppose b = -5*h + h + 704. What is the greatest common divisor of h and 16?
16
Let h = 93 + 61. Let y be (12/15)/((-3)/(-15)). Suppose -70 = -y*k - k. Calculate the greatest common divisor of k and h.
14
Let r be (65*27/(-180))/(3/(-152)). Calculate the highest common divisor of 104 and r.
26
Let g = -715 - -1147. What is the greatest common divisor of g and 64?
16
Suppose -132 = 2*o - 8*o. Suppose -p = 4*p - 10. Calculate the greatest common factor of p and o.
2
Suppose 0 = 12*a + 24*a - 1296. Calculate the greatest common factor of 132 and a.
12
Suppose 129 = 5*f + 54. Suppose 153 + 672 = 5*v. What is the greatest common divisor of f and v?
15
Let d be 24/40 + (-2)/(-5). Let h be 17 + d + 4/(-2). Suppose 3*l + h = 43. Calculate the highest common divisor of l and 45.
9
Suppose -3*r = 2*r - 10. Let s be (-15295)/25 + r/(-10). Let m be s/(-22) + 18/99. What is the greatest common factor of m and 70?
14
Suppose -12*j = -564 + 348. What is the highest common divisor of 342 and j?
18
Suppose 5*j - 8 = o - 0*o, 0 = -3*j + 5*o - 4. Let u be ((-18)/(-4))/(1/j). What is the highest common divisor of u and 99?
9
Let t(m) = m - 6. Let u be t(3). Let d be (3 - -390) + 2 + u. What is the greatest common divisor of d and 49?
49
Let n be (-29673)/(-93) + (3696/372 - 10). Suppose -2*h = -0*h - 58. What is the greatest common factor of h and n?
29
Let u be 42/14 - 19*-1. Let a = -17 + u. Suppose 3*l - 7*l = a*n - 70, -39 = -3*n - 3*l. What is the highest common factor of n and 27?
9
Let q = -327 + 559. Calculate the highest common factor of q and 29.
29
Suppose 3*c + r = 96, 3*r + 12 = 3*c - 96. Calculate the highest common divisor of c and 330.
33
Let a(v) = v**2 + 2*v + 2. Let o be a(-3). Suppose -5*t + 180 = -5*b, -o*t - 3*b = -0*t - 156. What is the highest common factor of 3 and t?
3
Suppose 0*f = 2*f - 0*f. Let c be 4 + 0 - (-7 - f). Calculate the highest common factor of 22 and c.
11
Suppose 1 = 3*k - o, k - 5*o - 10 - 9 = 0. Let s be (3 + -1)*2/4. Let i be 2*(k - -2)*s. What is the highest common factor of 8 and i?
2
Let x(s) = 2*s**2 + 28. Let j be x(0). Suppose -p + j = 4*u - 61, 0 = 3*p - 3. What is the greatest common divisor of 176 and u?
22
Suppose -h + 4*h + 465 = -3*p, -4*h = 3*p + 616. Let r = h - -261. Calculate the greatest common factor of 10 and r.
10
Let w(u) = -61*u + 2 + 10 - u**2 + 99*u - 54*u. Let y be w(-16). Calculate the greatest common factor of 48 and y.
12
Suppose -2*n - 5*k = -173, 2*k - 422 = -3*n - 2*n. Suppose 3*t = -3 - 6. Let j = t + 59. What is the greatest common factor of n and j?
28
Let z = -1520 - -1526. What is the greatest common factor of 159 and z?
3
Let m be (-4)/(-12)*(-3 + 2 + 1). Suppose 3*z = -5*n - m*z + 138, 5*n - 134 = z. Calculate the greatest common divisor of 9 and n.
9
Suppose -2 = 2*z, -k + 79 + 22 = -2*z. What is the highest common divisor of 77 and k?
11
Let h(f) = 2*f**2 - 3*f - 5. Let n be h(4). Suppose 4*a - 92 = -32. What is the highest common divisor of n and a?
15
Suppose 